 digit of 560469?
9
What is the hundreds digit of 205273?
2
What is the units digit of 2074269?
9
What is the thousands digit of 606116?
6
What is the thousands digit of 1083454?
3
What is the hundreds digit of 454870?
8
What is the millions digit of 16891080?
6
What is the thousands digit of 14868810?
8
What is the tens digit of 22796552?
5
What is the units digit of 542498?
8
What is the hundreds digit of 5419544?
5
What is the thousands digit of 38602019?
2
What is the units digit of 66288?
8
What is the thousands digit of 16614700?
4
What is the units digit of 15290650?
0
What is the hundred thousands digit of 1262833?
2
What is the units digit of 93675?
5
What is the hundreds digit of 7668645?
6
What is the hundreds digit of 25313029?
0
What is the hundreds digit of 1214584?
5
What is the hundred thousands digit of 3759741?
7
What is the millions digit of 36552339?
6
What is the units digit of 16259485?
5
What is the ten thousands digit of 169781?
6
What is the hundred thousands digit of 6442915?
4
What is the hundreds digit of 98596?
5
What is the hundreds digit of 6588897?
8
What is the hundreds digit of 644313?
3
What is the thousands digit of 3090358?
0
What is the hundred thousands digit of 296912?
2
What is the ten thousands digit of 575856?
7
What is the units digit of 1796809?
9
What is the units digit of 164426?
6
What is the hundreds digit of 3545994?
9
What is the tens digit of 3393608?
0
What is the ten thousands digit of 338041?
3
What is the thousands digit of 8680260?
0
What is the tens digit of 841895?
9
What is the thousands digit of 5667071?
7
What is the ten thousands digit of 339321?
3
What is the tens digit of 37535255?
5
What is the hundred thousands digit of 7744779?
7
What is the ten thousands digit of 633730?
3
What is the units digit of 28177?
7
What is the hundreds digit of 3074114?
1
What is the units digit of 7677737?
7
What is the hundreds digit of 27778837?
8
What is the tens digit of 2232445?
4
What is the thousands digit of 608970?
8
What is the thousands digit of 524344?
4
What is the thousands digit of 1031482?
1
What is the units digit of 1430601?
1
What is the ten thousands digit of 20767868?
6
What is the units digit of 59720?
0
What is the thousands digit of 47377?
7
What is the ten thousands digit of 1112391?
1
What is the thousands digit of 632287?
2
What is the hundred thousands digit of 260098?
2
What is the millions digit of 2043160?
2
What is the tens digit of 6005?
0
What is the ten thousands digit of 7415592?
1
What is the units digit of 28863?
3
What is the units digit of 6155558?
8
What is the hundreds digit of 720650?
6
What is the units digit of 2495978?
8
What is the units digit of 7916015?
5
What is the tens digit of 2598455?
5
What is the units digit of 4175776?
6
What is the ten thousands digit of 1650790?
5
What is the hundred thousands digit of 1664471?
6
What is the hundred thousands digit of 8838790?
8
What is the hundred thousands digit of 6601645?
6
What is the tens digit of 336063?
6
What is the units digit of 10919824?
4
What is the tens digit of 481783?
8
What is the hundreds digit of 3803190?
1
What is the hundred thousands digit of 17596136?
5
What is the units digit of 675196?
6
What is the millions digit of 23832165?
3
What is the ten thousands digit of 13706834?
0
What is the units digit of 728505?
5
What is the thousands digit of 18082?
8
What is the tens digit of 1504655?
5
What is the hundred thousands digit of 4403221?
4
What is the ten thousands digit of 698275?
9
What is the hundreds digit of 7273885?
8
What is the thousands digit of 2162786?
2
What is the tens digit of 6832700?
0
What is the ten thousands digit of 466012?
6
What is the ten thousands digit of 157754?
5
What is the hundred thousands digit of 1185018?
1
What is the ten thousands digit of 169569?
6
What is the tens digit of 53770?
7
What is the tens digit of 51711?
1
What is the tens digit of 10780?
8
What is the tens digit of 2621677?
7
What is the units digit of 196981?
1
What is the thousands digit of 671751?
1
What is the tens digit of 2005515?
1
What is the hundred thousands digit of 5471428?
4
What is the millions digit of 4388057?
4
What is the hundreds digit of 7598225?
2
What is the tens digit of 593179?
7
What is the ten thousands digit of 3968949?
6
What is the ten thousands digit of 5657862?
5
What is the units digit of 6573499?
9
What is the tens digit of 6902754?
5
What is the thousands digit of 6864298?
4
What is the thousands digit of 123858?
3
What is the hundreds digit of 5775659?
6
What is the tens digit of 557167?
6
What is the hundreds digit of 1701485?
4
What is the tens digit of 12765?
6
What is the hundred thousands digit of 3821253?
8
What is the tens digit of 6792441?
4
What is the thousands digit of 1525016?
5
What is the units digit of 412407?
7
What is the ten thousands digit of 30794359?
9
What is the units digit of 200764?
4
What is the units digit of 12391334?
4
What is the tens digit of 1120929?
2
What is the thousands digit of 172822?
2
What is the ten thousands digit of 27645?
2
What is the thousands digit of 12757828?
7
What is the tens digit of 919902?
0
What is the hundreds digit of 559189?
1
What is the hundred thousands digit of 4996180?
9
What is the hundred thousands digit of 8333218?
3
What is the thousands digit of 883876?
3
What is the units digit of 1603393?
3
What is the ten thousands digit of 28619644?
1
What is the hundred thousands digit of 3724084?
7
What is the hundred thousands digit of 18789189?
7
What is the ten thousands digit of 265219?
6
What is the units digit of 84243?
3
What is the ten thousands digit of 177358?
7
What is the hundred thousands digit of 558916?
5
What is the thousands digit of 118373?
8
What is the ten thousands digit of 33326366?
2
What is the millions digit of 1580151?
1
What is the hundred thousands digit of 848617?
8
What is the hundreds digit of 7592?
5
What is the hundreds digit of 6482591?
5
What is the thousands digit of 204985?
4
What is the hundreds digit of 241942?
9
What is the tens digit of 13876523?
2
What is the tens digit of 3101656?
5
What is the hundred thousands digit of 6204593?
2
What is the ten thousands digit of 8083710?
8
What is the thousands digit of 7519757?
9
What is the ten thousands digit of 2684646?
8
What is the thousands digit of 164764?
4
What is the hundreds digit of 408997?
9
What is the hundreds digit of 6940213?
2
What is the hundred thousands digit of 2307098?
3
What is the ten thousands digit of 27819?
2
What is the tens digit of 320469?
6
What is the units digit of 19802581?
1
What is the ten thousands digit of 110321?
1
What is the hundreds digit of 167349?
3
What is the millions digit of 14409020?
4
What is the units digit of 345736?
6
What is the ten thousands digit of 5342596?
4
What is the hundreds digit of 318329?
3
What is the thousands digit of 637741?
7
What is the ten thousands digit of 40073628?
7
What is the hundred thousands digit of 12481759?
4
What is the tens digit of 67217?
1
What is the tens digit of 749795?
9
What is the hundreds digit of 176760?
7
What is the ten thousands digit of 23266?
2
What is the millions digit of 8281990?
8
What is the hundreds digit of 152525?
5
What is the tens digit of 289286?
8
What is the tens digit of 344524?
2
What is the thousands digit of 289858?
9
What is the hundred thousands digit of 155562?
1
What is the ten thousands digit of 13035704?
3
What is the hundred thousands digit of 5595513?
5
What is the millions digit of 6870368?
6
What is the ten thousands digit of 44837?
4
What is the tens digit of 282572?
7
What is the units digit of 1255062?
2
What is the hundred thousands digit of 22721664?
7
What is the hundreds digit of 5778208?
2
What is the thousands digit of 1010246?
0
What is the hundreds digit of 513001?
0
What is the hundred thousands digit of 274190?
2
What is the tens digit of 3939467?
6
What is the thousands digit of 233949?
3
What is the hundreds digit of 25095953?
9
What is the units digit of 12481297?
7
What is the units digit of 508173?
3
What is the hundreds digit of 703056?
0
What is the hundreds digit of 472982?
9
What is the units digit of 1905332?
2
What is the hundreds digit of 1188794?
7
What is the mi